9). Let p = 6 + x. What is the remainder when 11 is divided by p?
3
Suppose 59*x - 81 - 68 = 2919. What is the remainder when x is divided by 29 + 0/(2*-1)?
23
Suppose -35*v + 28809 + 3450 = -107251. Calculate the remainder when v is divided by 105.
101
Let h = 18 + -14. Suppose -2*x = -h*x + 88. Suppose 0 = -13*v + 3022 - 786. Calculate the remainder when v is divided by x.
40
Let t be (-6)/((1 + 0)/(-5 + 4)). Suppose 3*a - 36 = t*a. What is the remainder when -105*(-2)/a*1*-4 is divided by 36?
34
Suppose 0 = 3*o + n - 368, -o - 9*n + 146 = -4*n. Calculate the remainder when 2055 is divided by o.
119
Suppose -13 = -3*t - l, 4*l - 22 = -4*t + 6. Let k be (-16)/(-3) - (-1 + 4/t). Suppose k*z - 12 = -7. What is the remainder when 4 is divided by z?
0
Suppose -3*o - 40 - 17 = 0. What is the remainder when 92/(-874) + (-1978)/o is divided by 42?
20
Suppose -5*x = -5*u - 505, -10*u + 8*u + 386 = 4*x. Let p = x - -9. What is the remainder when p is divided by 37?
33
Suppose 0 = -2*w + 8*h - 4*h + 168, h + 83 = w. What is the remainder when 816 is divided by w?
78
Let q = 2772 + -2058. What is the remainder when q is divided by 22?
10
Suppose 10*x = 6*x + 96. Suppose 0*l = -6*l + x. Suppose r - 20 = -l*r. What is the remainder when 5 is divided by r?
1
Suppose -3*u + 4252*d - 4256*d + 185 = 0, 4*u - 88 = 6*d. Let z(p) = 2*p**2 - 2*p - 1. Suppose 3*l = -2*l - 30. What is the remainder when z(l) is divided by u?
40
Let i = 1648 + -2542. Let c = -891 - i. Calculate the remainder when c is divided by 2.
1
Let h = 479 - 486. What is the remainder when 3/((-12)/232)*h is divided by 37?
36
Let a(t) = -36*t - 42*t**2 + 13 + 22*t**2 - 8*t + t**3. Suppose 0 = -5*c - 0*c - 25, 5*x = -3*c + 280. What is the remainder when x is divided by a(22)?
7
Let q = -104 + 80. Calculate the remainder when 82 is divided by -2 + (-45)/q - 939/(-24).
4
Suppose -13 = q - 3*y, 0 = -4*q + 2*y - 0*y - 2. Suppose -w = -4*g + 197 - q, 2*g - w = 95. Calculate the remainder when 248 is divided by g.
48
Let o = 31 + -28. Suppose o*y - 14 = 2*y - v, 8 = y + 4*v. Suppose -25*x + 88 = -14*x. Calculate the remainder when y is divided by x.
0
Let s be -2*10/40 + (-5)/(-2). Suppose -s*g + 3*c = -202, -4*c = 4*g - 7*g + 302. What is the remainder when g is divided by 11?
10
Suppose -3*d = -2*c - 946, -30*d + 25*d = -2*c - 1570. Calculate the remainder when d is divided by 100.
12
Suppose -g + 2*a + 143 + 116 = 0, -5*g = a - 1295. Suppose 0 = -4*k + 12, 9*k = o + 13*k - g. Calculate the remainder when o is divided by 65.
52
Suppose 0 = -27*l + 745 + 54 + 443. What is the remainder when 157 is divided by l?
19
Let l be (6/15 - (-21)/(-15)) + -1. Let j be l/6 + 4/12. What is the remainder when ((-10770)/(-70) - 2/(-14)) + j is divided by 39?
37
Suppose -273354 - 36046 = -200*p. What is the remainder when p is divided by 36?
35
Let x = -2093 + 2249. What is the remainder when 162 is divided by x?
6
Let k(h) = -h**2 - 15*h + 2. Let f be k(-4). Suppose -5*t - 110 = -o + 16, 2*t + f = -4*o. Let n = 36 + t. Calculate the remainder when 54 is divided by n.
10
Let u(a) = -4*a**3 + 3*a + 2. Let j be u(-2). Let g = 15 - j. Calculate the remainder when 0 + g/(39/(-126)) is divided by 15.
12
Let g(b) = -224*b**3 - 4*b**2 - 1. Calculate the remainder when g(-1) is divided by 39.
24
Let c be ((-30)/35)/(4 - (-177)/(-42)). Suppose 9*k - 2*b = 10*k - 193, -3*b + 757 = c*k. Calculate the remainder when k is divided by 32.
27
Suppose 5*d = -s + 6806, -8940*d = -8936*d - 2*s - 5470. Calculate the remainder when d is divided by 195.
193
Suppose -2436*j + 4850 = -2411*j. Calculate the remainder when 210 is divided by j.
16
Let s(t) = -2*t**2 - 51*t - 21. Let l be s(-25). Suppose 5*z + 470 = l*h, 0 = -4*h - 2*z + 138 + 318. Calculate the remainder when h is divided by 44.
27
Let n(o) be the first derivative of 2*o**3/3 + 5*o**2/2 + 105*o + 56. Calculate the remainder when n(0) is divided by 27.
24
Suppose 27905 = 101*h - 76*h + 2905. What is the remainder when h is divided by 102?
82
Let s = -34625 + 36130. What is the remainder when s is divided by 417?
254
Suppose -4*t - 12 = 3*j + j, -5*j + 20 = -2*t. Let i(v) = v**3 + v**2 - v - 2. Calculate the remainder when ((-4)/(-8))/(5/220) is divided by i(j).
6
Suppose -33*o + 351 = 6*o. Calculate the remainder when 212 is divided by o.
5
Let n(a) = 2*a**2 - 64*a + 18. Let d be (3 - (-44)/(-20))*40. Calculate the remainder when 135 is divided by n(d).
9
Let t = -43 + 525. Suppose -3*d - 7*o = -6*o - 731, t = 2*d + 2*o. What is the remainder when d is divided by 50?
45
Calculate the remainder when (-3272)/16*5*(-2)/5 is divided by 68.
1
Let l = -1957 + 2417. Calculate the remainder when l is divided by 14.
12
Let x(j) = j**2 + 13*j - 11. Let h be x(-8). Let z = -19 - h. Suppose f - 35 - 26 = 0. What is the remainder when f is divided by z?
29
Suppose 5*q + 12 = 1042. Suppose 0 = -z - z - q. Let s = z - -253. What is the remainder when s is divided by 38?
36
Suppose 849*c = 847*c + 1260. Suppose 14*g = 462 + c. What is the remainder when 386 is divided by g?
74
Let u(a) = 37*a + 32. Let k(b) = -74*b - 66. Let j(y) = -4*k(y) - 7*u(y). Suppose -5 - 9 = -2*f. What is the remainder when f is divided by j(-1)?
1
Suppose 86*o - 8380 = 306. Calculate the remainder when 1101 is divided by o.
91
Let b(h) = h**2 + 130*h - 3284. Calculate the remainder when 2906 is divided by b(24).
22
Let t(b) = -97*b**3 + 2*b**2 - 1. Let q(a) = -17*a + 3. Calculate the remainder when t(-1) is divided by q(-1).
18
Let d(l) = -l**3 + 23*l**2 - 17*l - 94. Suppose -4*o + 88 = -6*z, 5*o - 120 = 3*z - 10. Calculate the remainder when 109 is divided by d(o).
13
Suppose -5*n - 234 = -2*r, 2*n - 12 = 5*n. Let d = r + 23. Calculate the remainder when d is divided by 69.
61
Let n be ((-585)/10)/13*(-4)/(-6). Let c = 13 + -6. What is the remainder when 2/(-6) + 1 + (-76)/n is divided by c?
5
Let c(s) = s**3 - 7*s**2 + 8*s - 8. Let p be c(6). Let l(t) = -2 - 4*t - 4*t**2 + 2*t**3 - p + 1 + 10. What is the remainder when l(4) is divided by 28?
25
Let n = -64 - -67. Let u(i) = 6*i + 6 + 10*i - i**2 - n*i + 11*i. What is the remainder when 15 is divided by u(24)?
3
Let n = -2481 - -2693. What is the remainder when n is divided by 41?
7
Let l(a) = a**3 - 95*a + 364. What is the remainder when 862 is divided by l(4)?
46
Let l(k) = k**3 - 2*k**2 + k - 1. Let j = 154 + -155. What is the remainder when j/(-3)*(-212)/(-4)*3 is divided by l(3)?
9
What is the remainder when (5 + 2)*12/(-14) - (-143226)/18 is divided by 56?
55
Let i(z) = 4*z**2 + 12*z + 4. Let v = 747 - 723. What is the remainder when i(-7) is divided by v?
20
Let u(p) = p**2 - 89*p + 1794. Suppose -1 = 2*d - d + 5*z, -3*d + 48 = -2*z. What is the remainder when u(29) is divided by d?
12
Suppose 4*k + p + 4*p - 1487 = 0, 3*p + 376 = k. Let m = -218 + k. What is the remainder when m is divided by 40?
35
Let f(p) = 45*p**3 + 186*p**2 - 10*p - 1. Calculate the remainder when 4318 is divided by f(-4).
133
Let s(y) = -18*y + 71. Let i be s(-17). Suppose -2*a = -141 - i. Let u = a - 149. Calculate the remainder when u is divided by 7.
5
Suppose 0 = 4*v - k - 9293, 148*k = 2*v + 145*k - 4639. What is the remainder when v is divided by 93?
92
Let q(j) = -2*j**2 + 5*j - 3. Let s be q(3). Let t be 45/s*(-8)/6. Suppose 4*h = 3*h + t. What is the remainder when 25 is divided by h?
5
Let x be 0*4/(36/(-3))*1. Suppose 2*g - 2*y - 26 = x, y = -2*g + 5*g - 37. Let k = 91 + -69. What is the remainder when k is divided by g?
10
Let k(b) = -b. Let c be (-8)/(-12)*18/(-4). Let g = 458 + -457. What is the remainder when k(c) is divided by g?
0
Suppose -5*s + 2720 = -48*l + 43*l, -4*s + 2155 = -l. What is the remainder when s is divided by 103?
22
Let z(v) = 463*v - 5943. What is the remainder when z(14) is divided by 84?
35
Suppose 74*a - 239208 - 756414 = 31*a. What is the remainder when a is divided by 5?
4
Let z = -398 - -258. Let f be ((-120)/50)/(6/z). Suppose -3*d + 46 = -f. Calculate the remainder when 99 is divided by d.
31
Let x(s) = s**2 - 17*s + 6. Let w be x(14). Let f(o) = -o**2 + 23*o + 18. Let q be f(22). Let b = w + q. What is the remainder when 39 is divided by b?
3
Let g(m) = 16*m + 129. Let q be g(-8). What is the remainder when 51 is divided by -10*q*96